{"id":10284,"date":"2022-02-04T17:15:19","date_gmt":"2022-02-04T16:15:19","guid":{"rendered":"http:\/\/nevial.pl\/?page_id=10284"},"modified":"2022-02-22T10:12:05","modified_gmt":"2022-02-22T09:12:05","slug":"ogrodzenia","status":"publish","type":"page","link":"http:\/\/nevial.pl\/index.php\/ogrodzenia\/","title":{"rendered":"Ogrodzenia"},"content":{"rendered":"<p>[vc_row][vc_column width=&#8221;1\/2&#8243; el_class=&#8221;about-slider&#8221;][vc_gallery interval=&#8221;3&#8243; images=&#8221;10690,10691,10692,10694,10695,10696,10697,10698,10701,10706,10704,10703,10700,10192,10195,10165,10194&#8243; img_size=&#8221;1100*600&#8243; el_class=&#8221;about-slider&#8221;][\/vc_column][vc_column width=&#8221;1\/2&#8243; el_class=&#8221;about-content&#8221; css=&#8221;.vc_custom_1566388554468{margin-bottom: 20px !important;}&#8221;]<div class=\"shortcode-title left \"><h1 class=\"small-title\">OGRODZENIA<\/h1><\/div>[vc_column_text css=&#8221;.vc_custom_1645518769644{margin-top: 10px !important;}&#8221;]Ogrodzenie jest pierwszym elementem naszego domu, kt\u00f3ry widzimy wracaj\u0105c do niego. Dlatego musi cieszy\u0107 nasze oko. Wymagamy od siebie perfekcji w realizacji Waszego wymarzonego ogrodzenia. Nasze aluminiowe ogrodzenia to produkt nowoczesny, estetyczny\u00a0 stanowi\u0105cy uzupe\u0142nienie ka\u017cdej inwestycji. Z ch\u0119ci\u0105 podejmujemy si\u0119 rozwi\u0105za\u0144 niestandardowych. W najtrudniejszych pomys\u0142ach\/projektach widzimy szans\u0119 na stworzenie wyj\u0105tkowego ogrodzenia.<\/p>\n<p>Nasza oferta jest kompleksowa, od projektu po realizacj\u0119. Zapraszamy do kontaktu.[\/vc_column_text][\/vc_column][\/vc_row][vc_row css=&#8221;.vc_custom_1566388649221{padding-top: 20px !important;background-position: center !important;background-repeat: no-repeat !important;background-size: cover !important;}&#8221;][vc_column]<div class=\"shortcode-title left \"><h1 class=\"normal-title\">Szczeg\u00f3\u0142y produkt\u00f3w i us\u0142ug<\/h1><\/div>[vc_row_inner][vc_column_inner width=&#8221;1\/3&#8243;]<div class=\"service hb-animate-element bottom-to-top style-2\"><div class=\"service-content style-2\"><div class=\"icon\"><i class=\"service-icon fa fa-globe no-background\" style=\"color:#bcbcbc;\"><\/i><\/div><div class=\"title service-text\"><a href=\"\" target=\"_self\">ZALETY OGRODZENIA ALUMIMIOWEGO<\/a><\/div><div class=\"service-desc\"><div class=\"description other-font\">Aluminium jest metalem o wysokiej trwa\u0142o\u015bci. Pokryte proszkowo ogrodzenie b\u0119dzie efektowanie wygl\u0105da\u0107 w niezmienionej formie przez kilkadziesi\u0105t lat. Ogrodzenia stalowe b\u0119dzie w tym czasie wymieniowe kilkukrotnie. Ogrodzenia aluminiowe s\u0105 produktem ekologicznym, poddaj\u0105cym si\u0119 recyklingowi. Aluminum nie rdzewieje, jest odporne na warunki atmosferyczne oraz promieniowanie UV.<\/div><\/div><\/div><\/div>[\/vc_column_inner][vc_column_inner width=&#8221;1\/3&#8243;]<div class=\"service hb-animate-element bottom-to-top style-2\"><div class=\"service-content style-2\"><div class=\"icon\"><i class=\"service-icon fa fa-comments-o no-background\" style=\"color:#bcbcbc;\"><\/i><\/div><div class=\"title service-text\"><a href=\"\" target=\"_self\">PROJEKT<\/a><\/div><div class=\"service-desc\"><div class=\"description other-font\">Naszym Klientom oferujemy przygotowanie projektu ogrodzenia, gdy\u017c wiemy, \u017ce jest to inwestycja na lata, kt\u00f3ra musi spe\u0142nia\u0107 wszystkie oczekiwania. Przygotowanie projektu umo\u017cliwia unikni\u0119cie b\u0142\u0119d\u00f3w jeszcze przed rozpocz\u0119ciem inwestycji.<br \/>\nDo ka\u017cdego Klienta podchodzimy indywidualnie i realizujemy naj\u015bmielsze pomys\u0142y. Tw\u00f3j pomys\u0142 nasz projekt oraz nasza realizacja.<br \/>\n<\/div><\/div><\/div><\/div>[\/vc_column_inner][vc_column_inner width=&#8221;1\/3&#8243;]<div class=\"service hb-animate-element bottom-to-top style-2\"><div class=\"service-content style-2\"><div class=\"icon\"><i class=\"service-icon fa fa-heart-o no-background\" style=\"color:#bcbcbc;\"><\/i><\/div><div class=\"title service-text\"><a href=\"\" target=\"_self\">MONTA\u017b<\/a><\/div><div class=\"service-desc\"><div class=\"description other-font\">Oferujemy monta\u017c naszych ogrodze\u0144 w ca\u0142ej Europie. Nasza wykwalifikowana kadra podejmie si\u0119 ka\u017cdego zadania. Nie straszne nam najtrudniejsze projekty. Kompleksowo zrealizujemy ka\u017cd\u0105 inwestycj\u0119, aby Klient z zadowoleniem m\u00f3g\u0142 chwali\u0107 si\u0119 wyj\u0105tkowym ogrodzeniem. Zapraszamy do kontaktu. <\/div><\/div><\/div><\/div>[\/vc_column_inner][\/vc_row_inner][vc_row_inner][vc_column_inner width=&#8221;1\/3&#8243;]<div class=\"service hb-animate-element bottom-to-top style-2\"><div class=\"service-content style-2\"><div class=\"icon\"><i class=\"service-icon fa fa-cube no-background\" style=\"color:#bcbcbc;\"><\/i><\/div><div class=\"title service-text\"><a href=\"\" target=\"_self\">OGRODZENIA PANELOWE<\/a><\/div><div class=\"service-desc\"><div class=\"description other-font\">Wi\u0119kszo\u015b\u0107 inwestycji wymaga r\u00f3\u017cnego rodzaju ogrodzenia. Od frontu stosuje si\u0119 efektowne ogrodzenie, ale ju\u017c na bokach czy tyle dzia\u0142ki najcz\u0119\u015bciej wybieranym ogrodzeniem s\u0105 stalowe panele ogrodzeniowe. W celu kompleksowej obs\u0142ugi naszych Klient\u00f3w, wprowadzili\u015bmy do oferty panele ogrodzeniowe. Jest to trwa\u0142e, ekonomiczne ogrodzenie. Oferowane przez nas produkty s\u0105 ocynkowane oraz malowane co sprawia, \u017ce s\u0105 odporne na warunki atmosferyczne, niskie temperatury oraz wilgo\u0107. <\/div><\/div><\/div><\/div>[\/vc_column_inner][vc_column_inner width=&#8221;1\/3&#8243;]<div class=\"service hb-animate-element bottom-to-top style-2\"><div class=\"service-content style-2\"><div class=\"icon\"><i class=\"service-icon fa fa-th no-background\" style=\"color:#bcbcbc;\"><\/i><\/div><div class=\"title service-text\"><a href=\"\" target=\"_self\">S\u0141UPKI OGRODZENIOWE<\/a><\/div><div class=\"service-desc\"><div class=\"description other-font\">Oferujemy ka\u017cdy rodzaj s\u0142upk\u00f3w ogrodzeniowych. Do naszych ogrodze\u0144 stosujemy s\u0142upki aluminiowe, stalowe oraz betonowe. Wyb\u00f3r zale\u017cy od Klienta oraz projektu. Ka\u017cdy ma swoje preferencje. My mo\u017cemy spe\u0142ni\u0107 wszystkie pomys\u0142y naszych Klient\u00f3w. Ostateczny wyb\u00f3r w wi\u0119kszo\u015bci przypadk\u00f3w to kwestia indywidualnych preferencji. <\/div><\/div><\/div><\/div>[\/vc_column_inner][vc_column_inner width=&#8221;1\/3&#8243;]<div class=\"service hb-animate-element bottom-to-top style-2\"><div class=\"service-content style-2\"><div class=\"icon\"><i class=\"service-icon fa fa-play-circle-o no-background\" style=\"color:#bcbcbc;\"><\/i><\/div><div class=\"title service-text\"><a href=\"\" target=\"_self\">AKCESORIA<\/a><\/div><div class=\"service-desc\"><div class=\"description other-font\">Uzupe\u0142nieniem oferty ogrodze\u0144 s\u0105 akcesoria takie jak: nap\u0119dy, wideo domofony, skrzynki pocztowe itp. W naszej ofercie znajd\u0105 Pa\u0144stwo wszystko co potrzebne do kompleksowej realizacji Waszego wymarzonego ogrodzenia. <\/div><\/div><\/div><\/div>[\/vc_column_inner][\/vc_row_inner][\/vc_column][\/vc_row][vc_row css=&#8221;.vc_custom_1548414388333{padding-top: 30px !important;padding-bottom: 30px !important;}&#8221;][vc_column]<div class=\"custom-testimonial slider\"><div id=\"1_testimonial_carousel\" class=\"testimonial-carousel\"><div class=\"item last-item\"><div class=\"product-block\"><div class=\"custom-testimonial-inner\"><div class=\"testmonial-image\"><i style=\"width:120;height:120;\" class=\"fa fa-user\"><\/i><\/div><div class=\"testmonial-text\"><div class=\"testimonial-title\"><a title=\"Weronika\" href=\"http:\/\/nevial.pl\/index.php\/testimonial\/weronika\/\" >Weronika<\/a><\/div><\/div><div class=\"testimonial-wrapper\"><div class=\"testimonial-content\"><div class=\"testimonial-top\"><blockquote><q>Ca\u0142okszta\u0142t oceniam na bardzo dobry. \u015awietna komunikacja, fachowo wykonane prace.<\/q><\/blockquote><\/div><div class=\"read-more\"><a title=\"Weronika\" href=\"http:\/\/nevial.pl\/index.php\/testimonial\/weronika\/\" >read more<\/a><\/div><\/div><\/div><\/div><\/div><\/div><div class=\"item last-item\"><div class=\"product-block\"><div class=\"custom-testimonial-inner\"><div class=\"testmonial-image\"><i style=\"width:120;height:120;\" class=\"fa fa-user\"><\/i><\/div><div class=\"testmonial-text\"><div class=\"testimonial-title\"><a title=\"Cezary\" href=\"http:\/\/nevial.pl\/index.php\/testimonial\/cezary\/\" >Cezary<\/a><\/div><\/div><div class=\"testimonial-wrapper\"><div class=\"testimonial-content\"><div class=\"testimonial-top\"><blockquote><q>Polecam firm\u0119 wszystkim tym, kt\u00f3rzy oczekuj\u0105 profesjonalizmu i szybkiej realizacji. Jestem bardzo zadowolony.<\/q><\/blockquote><\/div><div class=\"read-more\"><a title=\"Cezary\" href=\"http:\/\/nevial.pl\/index.php\/testimonial\/cezary\/\" >read more<\/a><\/div><\/div><\/div><\/div><\/div><\/div><div class=\"item last-item\"><div class=\"product-block\"><div class=\"custom-testimonial-inner\"><div class=\"testmonial-image\"><i style=\"width:120;height:120;\" class=\"fa fa-user\"><\/i><\/div><div class=\"testmonial-text\"><div class=\"testimonial-title\"><a title=\"Dorota\" href=\"http:\/\/nevial.pl\/index.php\/testimonial\/dorota\/\" >Dorota<\/a><\/div><\/div><div class=\"testimonial-wrapper\"><div class=\"testimonial-content\"><div class=\"testimonial-top\"><blockquote><q>Jestem bardzo zadowolona z obs\u0142ugi klienta, rzeczowo, uprzejmie i przede wszystkim z dba\u0142o\u015bci\u0105 o klienta. Na pewno podejmiemy jeszcze wsp\u00f3\u0142prac\u0119.<\/q><\/blockquote><\/div><div class=\"read-more\"><a title=\"Dorota\" href=\"http:\/\/nevial.pl\/index.php\/testimonial\/dorota\/\" >read more<\/a><\/div><\/div><\/div><\/div><\/div><\/div><div class=\"item last-item\"><div class=\"product-block\"><div class=\"custom-testimonial-inner\"><div class=\"testmonial-image\"><i style=\"width:120;height:120;\" class=\"fa fa-user\"><\/i><\/div><div class=\"testmonial-text\"><div class=\"testimonial-title\"><a title=\"Jakub\" href=\"http:\/\/nevial.pl\/index.php\/testimonial\/jakub\/\" >Jakub<\/a><\/div><\/div><div class=\"testimonial-wrapper\"><div class=\"testimonial-content\"><div class=\"testimonial-top\"><blockquote><q>Szybki czas realizacji, znakomity stosunek jako\u015bci do ceny. Polecam<\/q><\/blockquote><\/div><div class=\"read-more\"><a title=\"Jakub\" href=\"http:\/\/nevial.pl\/index.php\/testimonial\/jakub\/\" >read more<\/a><\/div><\/div><\/div><\/div><\/div><\/div><\/div><\/div>[\/vc_column][\/vc_row]<\/p>\n","protected":false},"excerpt":{"rendered":"<p>[vc_row][vc_column width=&#8221;1\/2&#8243; el_class=&#8221;about-slider&#8221;][vc_gallery interval=&#8221;3&#8243; images=&#8221;10690,10691,10692,10694,10695,10696,10697,10698,10701,10706,10704,10703,10700,10192,10195,10165,10194&#8243; img_size=&#8221;1100*600&#8243; el_class=&#8221;about-slider&#8221;][\/vc_column][vc_column width=&#8221;1\/2&#8243; el_class=&#8221;about-content&#8221; css=&#8221;.vc_custom_1566388554468{margin-bottom: 20px !important;}&#8221;][vc_column_text css=&#8221;.vc_custom_1645518769644{margin-top: 10px !important;}&#8221;]Ogrodzenie jest pierwszym elementem naszego domu, kt\u00f3ry widzimy wracaj\u0105c do niego. Dlatego musi cieszy\u0107 nasze oko. Wymagamy od siebie perfekcji w realizacji Waszego wymarzonego ogrodzenia. Nasze aluminiowe ogrodzenia to produkt nowoczesny, estetyczny\u00a0 stanowi\u0105cy uzupe\u0142nienie ka\u017cdej inwestycji. Z ch\u0119ci\u0105 podejmujemy si\u0119 rozwi\u0105za\u0144 [&hellip;]<\/p>\n","protected":false},"author":2,"featured_media":0,"parent":0,"menu_order":0,"comment_status":"closed","ping_status":"closed","template":"","meta":{"_monsterinsights_skip_tracking":false,"_monsterinsights_sitenote_active":false,"_monsterinsights_sitenote_note":"","_monsterinsights_sitenote_category":0,"footnotes":""},"class_list":["post-10284","page","type-page","status-publish","hentry"],"yoast_head":"<!-- This site is optimized with the Yoast SEO plugin v18.0 - https:\/\/yoast.com\/wordpress\/plugins\/seo\/ -->\n<title>Ogrodzenia - Nevial<\/title>\n<meta name=\"robots\" content=\"noindex, follow, max-snippet:-1, max-image-preview:large, max-video-preview:-1\" \/>\n<meta property=\"og:locale\" content=\"pl_PL\" \/>\n<meta property=\"og:type\" content=\"article\" \/>\n<meta property=\"og:title\" content=\"Ogrodzenia - Nevial\" \/>\n<meta property=\"og:description\" content=\"[vc_row][vc_column width=&#8221;1\/2&#8243; el_class=&#8221;about-slider&#8221;][vc_gallery interval=&#8221;3&#8243; images=&#8221;10690,10691,10692,10694,10695,10696,10697,10698,10701,10706,10704,10703,10700,10192,10195,10165,10194&#8243; img_size=&#8221;1100*600&#8243; el_class=&#8221;about-slider&#8221;][\/vc_column][vc_column width=&#8221;1\/2&#8243; el_class=&#8221;about-content&#8221; css=&#8221;.vc_custom_1566388554468{margin-bottom: 20px !important;}&#8221;][vc_column_text css=&#8221;.vc_custom_1645518769644{margin-top: 10px !important;}&#8221;]Ogrodzenie jest pierwszym elementem naszego domu, kt\u00f3ry widzimy wracaj\u0105c do niego. Dlatego musi cieszy\u0107 nasze oko. Wymagamy od siebie perfekcji w realizacji Waszego wymarzonego ogrodzenia. Nasze aluminiowe ogrodzenia to produkt nowoczesny, estetyczny\u00a0 stanowi\u0105cy uzupe\u0142nienie ka\u017cdej inwestycji. Z ch\u0119ci\u0105 podejmujemy si\u0119 rozwi\u0105za\u0144 [&hellip;]\" \/>\n<meta property=\"og:url\" content=\"http:\/\/nevial.pl\/index.php\/ogrodzenia\/\" \/>\n<meta property=\"og:site_name\" content=\"Nevial\" \/>\n<meta property=\"article:modified_time\" content=\"2022-02-22T09:12:05+00:00\" \/>\n<meta name=\"twitter:card\" content=\"summary_large_image\" \/>\n<meta name=\"twitter:label1\" content=\"Szacowany czas czytania\" \/>\n\t<meta name=\"twitter:data1\" content=\"3 minuty\" \/>\n<script type=\"application\/ld+json\" class=\"yoast-schema-graph\">{\"@context\":\"https:\/\/schema.org\",\"@graph\":[{\"@type\":\"WebSite\",\"@id\":\"http:\/\/nevial.pl\/#website\",\"url\":\"http:\/\/nevial.pl\/\",\"name\":\"Nevial\",\"description\":\"Strona Nevial\",\"potentialAction\":[{\"@type\":\"SearchAction\",\"target\":{\"@type\":\"EntryPoint\",\"urlTemplate\":\"http:\/\/nevial.pl\/?s={search_term_string}\"},\"query-input\":\"required name=search_term_string\"}],\"inLanguage\":\"pl-PL\"},{\"@type\":\"WebPage\",\"@id\":\"http:\/\/nevial.pl\/index.php\/ogrodzenia\/#webpage\",\"url\":\"http:\/\/nevial.pl\/index.php\/ogrodzenia\/\",\"name\":\"Ogrodzenia - Nevial\",\"isPartOf\":{\"@id\":\"http:\/\/nevial.pl\/#website\"},\"datePublished\":\"2022-02-04T16:15:19+00:00\",\"dateModified\":\"2022-02-22T09:12:05+00:00\",\"breadcrumb\":{\"@id\":\"http:\/\/nevial.pl\/index.php\/ogrodzenia\/#breadcrumb\"},\"inLanguage\":\"pl-PL\",\"potentialAction\":[{\"@type\":\"ReadAction\",\"target\":[\"http:\/\/nevial.pl\/index.php\/ogrodzenia\/\"]}]},{\"@type\":\"BreadcrumbList\",\"@id\":\"http:\/\/nevial.pl\/index.php\/ogrodzenia\/#breadcrumb\",\"itemListElement\":[{\"@type\":\"ListItem\",\"position\":1,\"name\":\"Home\",\"item\":\"http:\/\/nevial.pl\/\"},{\"@type\":\"ListItem\",\"position\":2,\"name\":\"Ogrodzenia\"}]}]}<\/script>\n<!-- \/ Yoast SEO plugin. -->","yoast_head_json":{"title":"Ogrodzenia - Nevial","robots":{"index":"noindex","follow":"follow","max-snippet":"max-snippet:-1","max-image-preview":"max-image-preview:large","max-video-preview":"max-video-preview:-1"},"og_locale":"pl_PL","og_type":"article","og_title":"Ogrodzenia - Nevial","og_description":"[vc_row][vc_column width=&#8221;1\/2&#8243; el_class=&#8221;about-slider&#8221;][vc_gallery interval=&#8221;3&#8243; images=&#8221;10690,10691,10692,10694,10695,10696,10697,10698,10701,10706,10704,10703,10700,10192,10195,10165,10194&#8243; img_size=&#8221;1100*600&#8243; el_class=&#8221;about-slider&#8221;][\/vc_column][vc_column width=&#8221;1\/2&#8243; el_class=&#8221;about-content&#8221; css=&#8221;.vc_custom_1566388554468{margin-bottom: 20px !important;}&#8221;][vc_column_text css=&#8221;.vc_custom_1645518769644{margin-top: 10px !important;}&#8221;]Ogrodzenie jest pierwszym elementem naszego domu, kt\u00f3ry widzimy wracaj\u0105c do niego. Dlatego musi cieszy\u0107 nasze oko. Wymagamy od siebie perfekcji w realizacji Waszego wymarzonego ogrodzenia. Nasze aluminiowe ogrodzenia to produkt nowoczesny, estetyczny\u00a0 stanowi\u0105cy uzupe\u0142nienie ka\u017cdej inwestycji. Z ch\u0119ci\u0105 podejmujemy si\u0119 rozwi\u0105za\u0144 [&hellip;]","og_url":"http:\/\/nevial.pl\/index.php\/ogrodzenia\/","og_site_name":"Nevial","article_modified_time":"2022-02-22T09:12:05+00:00","twitter_card":"summary_large_image","twitter_misc":{"Szacowany czas czytania":"3 minuty"},"schema":{"@context":"https:\/\/schema.org","@graph":[{"@type":"WebSite","@id":"http:\/\/nevial.pl\/#website","url":"http:\/\/nevial.pl\/","name":"Nevial","description":"Strona Nevial","potentialAction":[{"@type":"SearchAction","target":{"@type":"EntryPoint","urlTemplate":"http:\/\/nevial.pl\/?s={search_term_string}"},"query-input":"required name=search_term_string"}],"inLanguage":"pl-PL"},{"@type":"WebPage","@id":"http:\/\/nevial.pl\/index.php\/ogrodzenia\/#webpage","url":"http:\/\/nevial.pl\/index.php\/ogrodzenia\/","name":"Ogrodzenia - Nevial","isPartOf":{"@id":"http:\/\/nevial.pl\/#website"},"datePublished":"2022-02-04T16:15:19+00:00","dateModified":"2022-02-22T09:12:05+00:00","breadcrumb":{"@id":"http:\/\/nevial.pl\/index.php\/ogrodzenia\/#breadcrumb"},"inLanguage":"pl-PL","potentialAction":[{"@type":"ReadAction","target":["http:\/\/nevial.pl\/index.php\/ogrodzenia\/"]}]},{"@type":"BreadcrumbList","@id":"http:\/\/nevial.pl\/index.php\/ogrodzenia\/#breadcrumb","itemListElement":[{"@type":"ListItem","position":1,"name":"Home","item":"http:\/\/nevial.pl\/"},{"@type":"ListItem","position":2,"name":"Ogrodzenia"}]}]}},"_links":{"self":[{"href":"http:\/\/nevial.pl\/index.php\/wp-json\/wp\/v2\/pages\/10284","targetHints":{"allow":["GET"]}}],"collection":[{"href":"http:\/\/nevial.pl\/index.php\/wp-json\/wp\/v2\/pages"}],"about":[{"href":"http:\/\/nevial.pl\/index.php\/wp-json\/wp\/v2\/types\/page"}],"author":[{"embeddable":true,"href":"http:\/\/nevial.pl\/index.php\/wp-json\/wp\/v2\/users\/2"}],"replies":[{"embeddable":true,"href":"http:\/\/nevial.pl\/index.php\/wp-json\/wp\/v2\/comments?post=10284"}],"version-history":[{"count":7,"href":"http:\/\/nevial.pl\/index.php\/wp-json\/wp\/v2\/pages\/10284\/revisions"}],"predecessor-version":[{"id":10708,"href":"http:\/\/nevial.pl\/index.php\/wp-json\/wp\/v2\/pages\/10284\/revisions\/10708"}],"wp:attachment":[{"href":"http:\/\/nevial.pl\/index.php\/wp-json\/wp\/v2\/media?parent=10284"}],"curies":[{"name":"wp","href":"https:\/\/api.w.org\/{rel}","templated":true}]}}