{"id":10290,"date":"2022-02-04T17:16:25","date_gmt":"2022-02-04T16:16:25","guid":{"rendered":"http:\/\/nevial.pl\/?page_id=10290"},"modified":"2023-02-26T12:51:58","modified_gmt":"2023-02-26T11:51:58","slug":"ekrany-akustyczne","status":"publish","type":"page","link":"http:\/\/nevial.pl\/index.php\/ekrany-akustyczne\/","title":{"rendered":"Ekrany akustyczne"},"content":{"rendered":"<p>[vc_row][vc_column width=&#8221;1\/2&#8243; el_class=&#8221;about-slider&#8221;][vc_gallery interval=&#8221;3&#8243; images=&#8221;10163,10557,10559,10572,10574,10577,10578,10579,10570&#8243; img_size=&#8221;1100*600&#8243; el_class=&#8221;about-slider&#8221;][\/vc_column][vc_column width=&#8221;1\/2&#8243; el_class=&#8221;about-content&#8221; css=&#8221;.vc_custom_1566388554468{margin-bottom: 20px !important;}&#8221;]<div class=\"shortcode-title left \"><h1 class=\"small-title\">Nevial &#8211; ekrany akustyczne<\/h1><\/div>[vc_column_text css=&#8221;.vc_custom_1645457612911{margin-top: 10px !important;}&#8221;]Ekran akustyczny to \u00a0sztuczna przeszkoda, maj\u0105ca na celu zredukowa\u0107 ha\u0142as do minimum \u00a0poprzez poch\u0142anianie lub\/i odbicie fal d\u017awi\u0119kowych. Za przeszkod\u0105 powstaje obszar o zmniejszonym nat\u0119\u017ceniu d\u017awi\u0119ku zwany cieniem akustycznym. Skuteczno\u015b\u0107 ekranu akustycznego zale\u017cy od rozmiar\u00f3w ekranu, jego usytuowania wzgl\u0119dem \u017ar\u00f3d\u0142a ha\u0142asu oraz zastosowanych paneli akustycznych.<\/p>\n<p>Posiadamy w ofercie r\u00f3\u017cnego rodzaju panele akustyczne, takie jak: \u00a0panele przezroczyste, panele aluminiowe, panele typu \u201eZielona \u015aciana\u201d czy \u00a0panele betonowe. Uzupe\u0142nieniem oferty ekran\u00f3w s\u0105: drzwi akustyczne, reduktory ha\u0142asu typu \u201eoktagon\u201d, linki zabezpieczaj\u0105ce panele przed wypadni\u0119ciem z ekranu.[\/vc_column_text][\/vc_column][\/vc_row][vc_row css=&#8221;.vc_custom_1566388649221{padding-top: 20px !important;background-position: center !important;background-repeat: no-repeat !important;background-size: cover !important;}&#8221;][vc_column]<div class=\"shortcode-title left \"><h1 class=\"normal-title\">Rodzaje paneli akustycznych<\/h1><\/div>[vc_row_inner][vc_column_inner width=&#8221;1\/3&#8243;]<div class=\"service hb-animate-element bottom-to-top style-2\"><div class=\"service-content style-2\"><div class=\"icon\"><i class=\"service-icon fa fa-globe no-background\" style=\"color:#bcbcbc;\"><\/i><\/div><div class=\"title service-text\"><a href=\"\" target=\"_self\">TRANSPARENTNE PANELE AKUSTYCZNE<\/a><\/div><div class=\"service-desc\"><div class=\"description other-font\">Przezroczyste panele aluminiowe zbudowane s\u0105 z ramy aluminiowej oraz materia\u0142u stanowi\u0105cego wype\u0142nienie.<br \/>\nNajcz\u0119\u015bciej przezroczystym wype\u0142nieniem jest:<br \/>\nPMMA \u2013 p\u0142yty akrylowe, PC \u2013 p\u0142yty poliw\u0119glanowe, szk\u0142o mineralne ESG oraz szk\u0142o mineralne klejone VSG. Ka\u017cde z wype\u0142nie\u0144 wyst\u0119puje w r\u00f3\u017cnych grubo\u015bciach. P\u0142yty mog\u0105 by\u0107 pokryte sitodrukiem w celu ochrony awifauny. Mo\u017cna stosowa\u0107 pow\u0142oki antigraffiti u\u0142atwiaj\u0105ce czyszczenie przezroczystych paneli akustycznych.<\/div><\/div><\/div><\/div>[\/vc_column_inner][vc_column_inner width=&#8221;1\/3&#8243;]<div class=\"service hb-animate-element bottom-to-top style-2\"><div class=\"service-content style-2\"><div class=\"icon\"><i class=\"service-icon fa fa-comments-o no-background\" style=\"color:#bcbcbc;\"><\/i><\/div><div class=\"title service-text\"><a href=\"\" target=\"_self\">ALUMINIOWE PANELE AKUSTYCZNE<\/a><\/div><div class=\"service-desc\"><div class=\"description other-font\">Panele aluminiowe produkowane s\u0105 w kilku<br \/>\nwariantach o r\u00f3\u017cnych w\u0142a\u015bciwo\u015bciach akustycznych. Zbudowane s\u0105 z profilowanej blachy aluminiowej perforowanej lub pe\u0142nej. Panele aluminiowe wyst\u0119puj\u0105 w wersji: odbijaj\u0105cej oraz poch\u0142aniaj\u0105cej d\u017awi\u0119k.<br \/>\nZa w\u0142a\u015bciwo\u015bci akustycznej odpowiada materia\u0142 d\u017awi\u0119koch\u0142onny w postaci we\u0142ny mineralnej. Produkt dost\u0119pny w dowolnej kolorystyce z palety RAL. Mo\u017ce by\u0107 pokryty specjaln\u0105 pow\u0142ok\u0105 antigraffiti u\u0142atwiaj\u0105c czyszczenie paneli.<\/div><\/div><\/div><\/div>[\/vc_column_inner][vc_column_inner width=&#8221;1\/3&#8243;]<div class=\"service hb-animate-element bottom-to-top style-2\"><div class=\"service-content style-2\"><div class=\"icon\"><i class=\"service-icon fa fa-heart-o no-background\" style=\"color:#bcbcbc;\"><\/i><\/div><div class=\"title service-text\"><a href=\"\" target=\"_self\">PANELE TYPU \u201eZIELONA \u015aCIANA\u201d<\/a><\/div><div class=\"service-desc\"><div class=\"description other-font\">Panele Zielona \u015aciana zbudowane s\u0105 z ocynkowanej ramy oraz stalowej ocynkowanej siatki zewn\u0119trznej. Wype\u0142nienie stanowi: siatka HDPE, tkanina techniczna, we\u0142na mineralna oraz papa bitumiczna.<br \/>\nPanele ZS charakteryzuj\u0105 si\u0119 wysokimi parametrami akustycznymi. Tego typu ekrany przystosowane s\u0105 do obsadzenia ekranu akustycznego ro\u015blinno\u015bci\u0105 pn\u0105c\u0105 si\u0119 po panelach Zielona \u015aciana.<\/div><\/div><\/div><\/div>[\/vc_column_inner][\/vc_row_inner][vc_row_inner][vc_column_inner width=&#8221;1\/3&#8243;]<div class=\"service hb-animate-element bottom-to-top style-2\"><div class=\"service-content style-2\"><div class=\"icon\"><i class=\"service-icon fa fa-cube no-background\" style=\"color:#bcbcbc;\"><\/i><\/div><div class=\"title service-text\"><a href=\"\" target=\"_self\">AKUSTYCZNE DRZWI EWAKUACYJNE ORAZ TECHNICZNE<\/a><\/div><div class=\"service-desc\"><div class=\"description other-font\">Ka\u017cdy ekran akustyczny musi zapewni\u0107 odpowiedni\u0105 drog\u0119 ewakuacji. Je\u017celi ekran jest d\u0142u\u017cszy ni\u017c 100m wymaga si\u0119 stosowanie drzwi akustycznych w ekranie. Drzwi takie mog\u0105 by\u0107 wype\u0142nione dowolnym panelem akustycznym zapewniaj\u0105c jednolito\u015b\u0107 ekranu. Drzwi mog\u0105 by\u0107 wyposa\u017cone w samozamykacze, d\u017awignie antypaniczne itp. Poza drzwiami ewakuacyjnymi stosuje si\u0119 r\u00f3wnie\u017c drzwi techniczne, kt\u00f3re umo\u017cliwiaj\u0105 dost\u0119p do ekranu akustycznego dla s\u0142u\u017cb technicznych.<\/div><\/div><\/div><\/div>[\/vc_column_inner][vc_column_inner width=&#8221;1\/3&#8243;]<div class=\"service hb-animate-element bottom-to-top style-2\"><div class=\"service-content style-2\"><div class=\"icon\"><i class=\"service-icon fa fa-th no-background\" style=\"color:#bcbcbc;\"><\/i><\/div><div class=\"title service-text\"><a href=\"\" target=\"_self\">REDUKTORY HA\u0141ASU TYPU \u201eOKTAGON\u201d<\/a><\/div><div class=\"service-desc\"><div class=\"description other-font\">Oktagonami nazywamy reduktory ha\u0142asu montowane na g\u00f3rnej kraw\u0119dzi ekranu akustycznego. Zbudowane s\u0105 z perforowanej blachy aluminiowej. Podobnie jak panele aluminiowe wype\u0142nieniem oktagon\u00f3w jest we\u0142na mineralna. Produkt dost\u0119pny w dowolnej kolorystyce z palety RAL. Mo\u017ce by\u0107 stosowany na ka\u017cdym ekranie akustycznym. Montowany jest do konstrukcji wsporczej ekranu akustycznego.<\/div><\/div><\/div><\/div>[\/vc_column_inner][vc_column_inner width=&#8221;1\/3&#8243;]<div class=\"service hb-animate-element bottom-to-top style-2\"><div class=\"service-content style-2\"><div class=\"icon\"><i class=\"service-icon fa fa-play-circle-o no-background\" style=\"color:#bcbcbc;\"><\/i><\/div><div class=\"title service-text\"><a href=\"\" target=\"_self\">PRODUKTY I US\u0141UGI UZUPE\u0141NIAJ\u0104CE<\/a><\/div><div class=\"service-desc\"><div class=\"description other-font\">Do oferowanych przez nas paneli akustycznych dostarczamy r\u00f3wnie\u017c akcesoria jak: linki zabezpieczaj\u0105ce panele przed wypadaniem z ekranu akustycznego czy elementy niezb\u0119dne w przypadku naprawy paneli. Do paneli transparentnych oferujemy us\u0142ugi sitodruku oraz nanoszenie pow\u0142ok antigraffiti.<\/div><\/div><\/div><\/div>[\/vc_column_inner][\/vc_row_inner][\/vc_column][\/vc_row]<\/p>\n","protected":false},"excerpt":{"rendered":"<p>[vc_row][vc_column width=&#8221;1\/2&#8243; el_class=&#8221;about-slider&#8221;][vc_gallery interval=&#8221;3&#8243; images=&#8221;10163,10557,10559,10572,10574,10577,10578,10579,10570&#8243; img_size=&#8221;1100*600&#8243; el_class=&#8221;about-slider&#8221;][\/vc_column][vc_column width=&#8221;1\/2&#8243; el_class=&#8221;about-content&#8221; css=&#8221;.vc_custom_1566388554468{margin-bottom: 20px !important;}&#8221;][vc_column_text css=&#8221;.vc_custom_1645457612911{margin-top: 10px !important;}&#8221;]Ekran akustyczny to \u00a0sztuczna przeszkoda, maj\u0105ca na celu zredukowa\u0107 ha\u0142as do minimum \u00a0poprzez poch\u0142anianie lub\/i odbicie fal d\u017awi\u0119kowych. Za przeszkod\u0105 powstaje obszar o zmniejszonym nat\u0119\u017ceniu d\u017awi\u0119ku zwany cieniem akustycznym. Skuteczno\u015b\u0107 ekranu akustycznego zale\u017cy od rozmiar\u00f3w ekranu, jego usytuowania wzgl\u0119dem \u017ar\u00f3d\u0142a ha\u0142asu [&hellip;]<\/p>\n","protected":false},"author":2,"featured_media":0,"parent":0,"menu_order":0,"comment_status":"closed","ping_status":"closed","template":"","meta":{"_monsterinsights_skip_tracking":false,"_monsterinsights_sitenote_active":false,"_monsterinsights_sitenote_note":"","_monsterinsights_sitenote_category":0,"footnotes":""},"class_list":["post-10290","page","type-page","status-publish","hentry"],"yoast_head":"<!-- This site is optimized with the Yoast SEO plugin v18.0 - https:\/\/yoast.com\/wordpress\/plugins\/seo\/ -->\n<title>Ekrany akustyczne - Nevial<\/title>\n<meta name=\"robots\" content=\"noindex, follow, max-snippet:-1, max-image-preview:large, max-video-preview:-1\" \/>\n<meta property=\"og:locale\" content=\"pl_PL\" \/>\n<meta property=\"og:type\" content=\"article\" \/>\n<meta property=\"og:title\" content=\"Ekrany akustyczne - Nevial\" \/>\n<meta property=\"og:description\" content=\"[vc_row][vc_column width=&#8221;1\/2&#8243; el_class=&#8221;about-slider&#8221;][vc_gallery interval=&#8221;3&#8243; images=&#8221;10163,10557,10559,10572,10574,10577,10578,10579,10570&#8243; img_size=&#8221;1100*600&#8243; el_class=&#8221;about-slider&#8221;][\/vc_column][vc_column width=&#8221;1\/2&#8243; el_class=&#8221;about-content&#8221; css=&#8221;.vc_custom_1566388554468{margin-bottom: 20px !important;}&#8221;][vc_column_text css=&#8221;.vc_custom_1645457612911{margin-top: 10px !important;}&#8221;]Ekran akustyczny to \u00a0sztuczna przeszkoda, maj\u0105ca na celu zredukowa\u0107 ha\u0142as do minimum \u00a0poprzez poch\u0142anianie lub\/i odbicie fal d\u017awi\u0119kowych. Za przeszkod\u0105 powstaje obszar o zmniejszonym nat\u0119\u017ceniu d\u017awi\u0119ku zwany cieniem akustycznym. Skuteczno\u015b\u0107 ekranu akustycznego zale\u017cy od rozmiar\u00f3w ekranu, jego usytuowania wzgl\u0119dem \u017ar\u00f3d\u0142a ha\u0142asu [&hellip;]\" \/>\n<meta property=\"og:url\" content=\"http:\/\/nevial.pl\/index.php\/ekrany-akustyczne\/\" \/>\n<meta property=\"og:site_name\" content=\"Nevial\" \/>\n<meta property=\"article:modified_time\" content=\"2023-02-26T11:51:58+00:00\" \/>\n<meta name=\"twitter:card\" content=\"summary_large_image\" \/>\n<meta name=\"twitter:label1\" content=\"Szacowany czas czytania\" \/>\n\t<meta name=\"twitter:data1\" content=\"3 minuty\" \/>\n<script type=\"application\/ld+json\" class=\"yoast-schema-graph\">{\"@context\":\"https:\/\/schema.org\",\"@graph\":[{\"@type\":\"WebSite\",\"@id\":\"http:\/\/nevial.pl\/#website\",\"url\":\"http:\/\/nevial.pl\/\",\"name\":\"Nevial\",\"description\":\"Strona Nevial\",\"potentialAction\":[{\"@type\":\"SearchAction\",\"target\":{\"@type\":\"EntryPoint\",\"urlTemplate\":\"http:\/\/nevial.pl\/?s={search_term_string}\"},\"query-input\":\"required name=search_term_string\"}],\"inLanguage\":\"pl-PL\"},{\"@type\":\"WebPage\",\"@id\":\"http:\/\/nevial.pl\/index.php\/ekrany-akustyczne\/#webpage\",\"url\":\"http:\/\/nevial.pl\/index.php\/ekrany-akustyczne\/\",\"name\":\"Ekrany akustyczne - Nevial\",\"isPartOf\":{\"@id\":\"http:\/\/nevial.pl\/#website\"},\"datePublished\":\"2022-02-04T16:16:25+00:00\",\"dateModified\":\"2023-02-26T11:51:58+00:00\",\"breadcrumb\":{\"@id\":\"http:\/\/nevial.pl\/index.php\/ekrany-akustyczne\/#breadcrumb\"},\"inLanguage\":\"pl-PL\",\"potentialAction\":[{\"@type\":\"ReadAction\",\"target\":[\"http:\/\/nevial.pl\/index.php\/ekrany-akustyczne\/\"]}]},{\"@type\":\"BreadcrumbList\",\"@id\":\"http:\/\/nevial.pl\/index.php\/ekrany-akustyczne\/#breadcrumb\",\"itemListElement\":[{\"@type\":\"ListItem\",\"position\":1,\"name\":\"Home\",\"item\":\"http:\/\/nevial.pl\/\"},{\"@type\":\"ListItem\",\"position\":2,\"name\":\"Ekrany akustyczne\"}]}]}<\/script>\n<!-- \/ Yoast SEO plugin. -->","yoast_head_json":{"title":"Ekrany akustyczne - Nevial","robots":{"index":"noindex","follow":"follow","max-snippet":"max-snippet:-1","max-image-preview":"max-image-preview:large","max-video-preview":"max-video-preview:-1"},"og_locale":"pl_PL","og_type":"article","og_title":"Ekrany akustyczne - Nevial","og_description":"[vc_row][vc_column width=&#8221;1\/2&#8243; el_class=&#8221;about-slider&#8221;][vc_gallery interval=&#8221;3&#8243; images=&#8221;10163,10557,10559,10572,10574,10577,10578,10579,10570&#8243; img_size=&#8221;1100*600&#8243; el_class=&#8221;about-slider&#8221;][\/vc_column][vc_column width=&#8221;1\/2&#8243; el_class=&#8221;about-content&#8221; css=&#8221;.vc_custom_1566388554468{margin-bottom: 20px !important;}&#8221;][vc_column_text css=&#8221;.vc_custom_1645457612911{margin-top: 10px !important;}&#8221;]Ekran akustyczny to \u00a0sztuczna przeszkoda, maj\u0105ca na celu zredukowa\u0107 ha\u0142as do minimum \u00a0poprzez poch\u0142anianie lub\/i odbicie fal d\u017awi\u0119kowych. Za przeszkod\u0105 powstaje obszar o zmniejszonym nat\u0119\u017ceniu d\u017awi\u0119ku zwany cieniem akustycznym. Skuteczno\u015b\u0107 ekranu akustycznego zale\u017cy od rozmiar\u00f3w ekranu, jego usytuowania wzgl\u0119dem \u017ar\u00f3d\u0142a ha\u0142asu [&hellip;]","og_url":"http:\/\/nevial.pl\/index.php\/ekrany-akustyczne\/","og_site_name":"Nevial","article_modified_time":"2023-02-26T11:51:58+00:00","twitter_card":"summary_large_image","twitter_misc":{"Szacowany czas czytania":"3 minuty"},"schema":{"@context":"https:\/\/schema.org","@graph":[{"@type":"WebSite","@id":"http:\/\/nevial.pl\/#website","url":"http:\/\/nevial.pl\/","name":"Nevial","description":"Strona Nevial","potentialAction":[{"@type":"SearchAction","target":{"@type":"EntryPoint","urlTemplate":"http:\/\/nevial.pl\/?s={search_term_string}"},"query-input":"required name=search_term_string"}],"inLanguage":"pl-PL"},{"@type":"WebPage","@id":"http:\/\/nevial.pl\/index.php\/ekrany-akustyczne\/#webpage","url":"http:\/\/nevial.pl\/index.php\/ekrany-akustyczne\/","name":"Ekrany akustyczne - Nevial","isPartOf":{"@id":"http:\/\/nevial.pl\/#website"},"datePublished":"2022-02-04T16:16:25+00:00","dateModified":"2023-02-26T11:51:58+00:00","breadcrumb":{"@id":"http:\/\/nevial.pl\/index.php\/ekrany-akustyczne\/#breadcrumb"},"inLanguage":"pl-PL","potentialAction":[{"@type":"ReadAction","target":["http:\/\/nevial.pl\/index.php\/ekrany-akustyczne\/"]}]},{"@type":"BreadcrumbList","@id":"http:\/\/nevial.pl\/index.php\/ekrany-akustyczne\/#breadcrumb","itemListElement":[{"@type":"ListItem","position":1,"name":"Home","item":"http:\/\/nevial.pl\/"},{"@type":"ListItem","position":2,"name":"Ekrany akustyczne"}]}]}},"_links":{"self":[{"href":"http:\/\/nevial.pl\/index.php\/wp-json\/wp\/v2\/pages\/10290","targetHints":{"allow":["GET"]}}],"collection":[{"href":"http:\/\/nevial.pl\/index.php\/wp-json\/wp\/v2\/pages"}],"about":[{"href":"http:\/\/nevial.pl\/index.php\/wp-json\/wp\/v2\/types\/page"}],"author":[{"embeddable":true,"href":"http:\/\/nevial.pl\/index.php\/wp-json\/wp\/v2\/users\/2"}],"replies":[{"embeddable":true,"href":"http:\/\/nevial.pl\/index.php\/wp-json\/wp\/v2\/comments?post=10290"}],"version-history":[{"count":15,"href":"http:\/\/nevial.pl\/index.php\/wp-json\/wp\/v2\/pages\/10290\/revisions"}],"predecessor-version":[{"id":10831,"href":"http:\/\/nevial.pl\/index.php\/wp-json\/wp\/v2\/pages\/10290\/revisions\/10831"}],"wp:attachment":[{"href":"http:\/\/nevial.pl\/index.php\/wp-json\/wp\/v2\/media?parent=10290"}],"curies":[{"name":"wp","href":"https:\/\/api.w.org\/{rel}","templated":true}]}}