{"id":10828,"date":"2023-02-26T12:26:56","date_gmt":"2023-02-26T11:26:56","guid":{"rendered":"http:\/\/nevial.pl\/?page_id=10828"},"modified":"2023-02-26T15:25:56","modified_gmt":"2023-02-26T14:25:56","slug":"maszyny-linie-produkcyjne","status":"publish","type":"page","link":"http:\/\/nevial.pl\/index.php\/maszyny-linie-produkcyjne\/","title":{"rendered":"Maszyny &#8211; linie produkcyjne"},"content":{"rendered":"<p>[vc_row][vc_column width=&#8221;1\/2&#8243; el_class=&#8221;about-slider&#8221;][vc_gallery interval=&#8221;3&#8243; images=&#8221;10832,10833,10837,10838&#8243; img_size=&#8221;1100*600&#8243; el_class=&#8221;about-slider&#8221;][\/vc_column][vc_column width=&#8221;1\/2&#8243; el_class=&#8221;about-content&#8221; css=&#8221;.vc_custom_1566388554468{margin-bottom: 20px !important;}&#8221;]<div class=\"shortcode-title left \"><h1 class=\"small-title\">Nevial &#8211; Maszyny &#8211; Linie produkcyjne<\/h1><\/div>[vc_column_text css=&#8221;.vc_custom_1677412753729{margin-top: 10px !important;}&#8221;]Jeste\u015bmy polskim producentem oraz dystrybutorem maszyn oraz pe\u0142nych linii produkcyjnych dla r\u00f3\u017cnych sektor\u00f3w przemys\u0142u. Nasze maszyny budowane s\u0105 w oparciu o najlepsze podzespo\u0142y \u015bwiatowych, renomowanych producent\u00f3w. Zapewniamy pe\u0142ne doradztwo w sprawie doboru maszyn i urz\u0105dze\u0144. Oferujemy wsparcie techniczne przez ca\u0142y okres u\u017cytkowania naszych maszyn.<\/p>\n<p>Nasze rozwi\u0105zania umo\u017cliwiaj\u0105 automatyzacj\u0119 produkcji, redukcj\u0119 jej koszt\u00f3w oraz gwarantujemy bezawaryjn\u0105 prac\u0119 nawet w najci\u0119\u017cszych warunkach.[\/vc_column_text][\/vc_column][\/vc_row][vc_row css=&#8221;.vc_custom_1566388649221{padding-top: 20px !important;background-position: center !important;background-repeat: no-repeat !important;background-size: cover !important;}&#8221;][vc_column]<div class=\"shortcode-title left \"><h1 class=\"normal-title\">Rodzaje maszyn i urz\u0105dze\u0144<\/h1><\/div>[vc_row_inner][vc_column_inner width=&#8221;1\/3&#8243;]<div class=\"service hb-animate-element bottom-to-top style-2\"><div class=\"service-content style-2\"><div class=\"icon\"><i class=\"service-icon fa fa-globe no-background\" style=\"color:#bcbcbc;\"><\/i><\/div><div class=\"title service-text\"><a href=\"\" target=\"_self\">Linie do profilowania blach<\/a><\/div><div class=\"service-desc\"><div class=\"description other-font\">Produkowane przez nas linie do profilowania blach charakteryzuj\u0105 si\u0119 nowoczesnymi rozwi\u0105zaniami technologicznymi. Na specjalistycznych maszynach mo\u017cna formowa\u0107 r\u00f3\u017cne profile oraz kszta\u0142ty z ta\u015bm lub arkuszy takich materia\u0142\u00f3w jak: blacha stalowa, blacha aluminiowa czy blacha nierdzewna. Maszyny mog\u0105 by\u0107 przystosowane do pracy z materia\u0142em surowym lub pokrytym lakierem w technologii coil coating. Do produkcji walcarek wykorzystujemy markowe podzespo\u0142y renomowanych \u015bwiatowych firm (Siemens, Pro-face, Panasonic, Moeller, Mitsubishi).<\/div><\/div><\/div><\/div>[\/vc_column_inner][vc_column_inner width=&#8221;1\/3&#8243;]<div class=\"service hb-animate-element bottom-to-top style-2\"><div class=\"service-content style-2\"><div class=\"icon\"><i class=\"service-icon fa fa-comments-o no-background\" style=\"color:#bcbcbc;\"><\/i><\/div><div class=\"title service-text\"><a href=\"\" target=\"_self\">Rozwijarki do blach w kr\u0119gach<\/a><\/div><div class=\"service-desc\"><div class=\"description other-font\">Oferowane przez nas rozwijarki i zwijarki dostosowywane s\u0105 do wymaga\u0144 klient\u00f3w. Dobieramy rozwi\u0105zania indywidualnie do szeroko\u015bci, wagi i rodzaju kr\u0119g\u00f3w, kt\u00f3re nale\u017cy rozwija\u0107.<br \/>\nOferujemy rozwijarki mechaniczne o ud\u017awigu 2 ton oraz rozwijarki hydrauliczne dla ud\u017awig\u00f3w 5,10,12 ton.  Urz\u0105dzeniami uzupe\u0142niaj\u0105cymi s\u0105 hydrauliczne w\u00f3zki za\u0142adowcze, kt\u00f3re skracaj\u0105 czas wymiany kr\u0119g\u00f3w.<\/div><\/div><\/div><\/div>[\/vc_column_inner][vc_column_inner width=&#8221;1\/3&#8243;]<div class=\"service hb-animate-element bottom-to-top style-2\"><div class=\"service-content style-2\"><div class=\"icon\"><i class=\"service-icon fa fa-heart-o no-background\" style=\"color:#bcbcbc;\"><\/i><\/div><div class=\"title service-text\"><a href=\"\" target=\"_self\">Maszyny dla przemys\u0142u spo\u017cywczego<\/a><\/div><div class=\"service-desc\"><div class=\"description other-font\">Oferujemy projektowanie oraz produkcj\u0119 maszyn dla przemys\u0142u spo\u017cywczego. Nasze urz\u0105dzenia wykorzystywane s\u0105 na r\u00f3\u017cnych etapach produkcji \u017cywno\u015bci takich jak \u2013 mycie, p\u0142ukanie, obieranie, polerowanie, pakowanie, transportowanie itp. Nasze produkty spe\u0142niaj\u0105 wymogi norm krajowych i europejskich oraz s\u0105 wykonane zgodnie z procedurami HACCP z materia\u0142\u00f3w dopuszczonych do kontaktu z \u017cywno\u015bci\u0105.<\/div><\/div><\/div><\/div>[\/vc_column_inner][\/vc_row_inner][\/vc_column][\/vc_row]<\/p>\n","protected":false},"excerpt":{"rendered":"<p>[vc_row][vc_column width=&#8221;1\/2&#8243; el_class=&#8221;about-slider&#8221;][vc_gallery interval=&#8221;3&#8243; images=&#8221;10832,10833,10837,10838&#8243; img_size=&#8221;1100*600&#8243; el_class=&#8221;about-slider&#8221;][\/vc_column][vc_column width=&#8221;1\/2&#8243; el_class=&#8221;about-content&#8221; css=&#8221;.vc_custom_1566388554468{margin-bottom: 20px !important;}&#8221;][vc_column_text css=&#8221;.vc_custom_1677412753729{margin-top: 10px !important;}&#8221;]Jeste\u015bmy polskim producentem oraz dystrybutorem maszyn oraz pe\u0142nych linii produkcyjnych dla r\u00f3\u017cnych sektor\u00f3w przemys\u0142u. Nasze maszyny budowane s\u0105 w oparciu o najlepsze podzespo\u0142y \u015bwiatowych, renomowanych producent\u00f3w. Zapewniamy pe\u0142ne doradztwo w sprawie doboru maszyn i urz\u0105dze\u0144. Oferujemy wsparcie techniczne przez ca\u0142y okres [&hellip;]<\/p>\n","protected":false},"author":1,"featured_media":0,"parent":0,"menu_order":0,"comment_status":"closed","ping_status":"closed","template":"","meta":{"_monsterinsights_skip_tracking":false,"_monsterinsights_sitenote_active":false,"_monsterinsights_sitenote_note":"","_monsterinsights_sitenote_category":0,"footnotes":""},"class_list":["post-10828","page","type-page","status-publish","hentry"],"yoast_head":"<!-- This site is optimized with the Yoast SEO plugin v18.0 - https:\/\/yoast.com\/wordpress\/plugins\/seo\/ -->\n<title>Maszyny - linie produkcyjne - Nevial<\/title>\n<meta name=\"robots\" content=\"noindex, follow, max-snippet:-1, max-image-preview:large, max-video-preview:-1\" \/>\n<meta property=\"og:locale\" content=\"pl_PL\" \/>\n<meta property=\"og:type\" content=\"article\" \/>\n<meta property=\"og:title\" content=\"Maszyny - linie produkcyjne - Nevial\" \/>\n<meta property=\"og:description\" content=\"[vc_row][vc_column width=&#8221;1\/2&#8243; el_class=&#8221;about-slider&#8221;][vc_gallery interval=&#8221;3&#8243; images=&#8221;10832,10833,10837,10838&#8243; img_size=&#8221;1100*600&#8243; el_class=&#8221;about-slider&#8221;][\/vc_column][vc_column width=&#8221;1\/2&#8243; el_class=&#8221;about-content&#8221; css=&#8221;.vc_custom_1566388554468{margin-bottom: 20px !important;}&#8221;][vc_column_text css=&#8221;.vc_custom_1677412753729{margin-top: 10px !important;}&#8221;]Jeste\u015bmy polskim producentem oraz dystrybutorem maszyn oraz pe\u0142nych linii produkcyjnych dla r\u00f3\u017cnych sektor\u00f3w przemys\u0142u. Nasze maszyny budowane s\u0105 w oparciu o najlepsze podzespo\u0142y \u015bwiatowych, renomowanych producent\u00f3w. Zapewniamy pe\u0142ne doradztwo w sprawie doboru maszyn i urz\u0105dze\u0144. Oferujemy wsparcie techniczne przez ca\u0142y okres [&hellip;]\" \/>\n<meta property=\"og:url\" content=\"http:\/\/nevial.pl\/index.php\/maszyny-linie-produkcyjne\/\" \/>\n<meta property=\"og:site_name\" content=\"Nevial\" \/>\n<meta property=\"article:modified_time\" content=\"2023-02-26T14:25:56+00:00\" \/>\n<meta name=\"twitter:card\" content=\"summary_large_image\" \/>\n<meta name=\"twitter:label1\" content=\"Szacowany czas czytania\" \/>\n\t<meta name=\"twitter:data1\" content=\"2 minuty\" \/>\n<script type=\"application\/ld+json\" class=\"yoast-schema-graph\">{\"@context\":\"https:\/\/schema.org\",\"@graph\":[{\"@type\":\"WebSite\",\"@id\":\"http:\/\/nevial.pl\/#website\",\"url\":\"http:\/\/nevial.pl\/\",\"name\":\"Nevial\",\"description\":\"Strona Nevial\",\"potentialAction\":[{\"@type\":\"SearchAction\",\"target\":{\"@type\":\"EntryPoint\",\"urlTemplate\":\"http:\/\/nevial.pl\/?s={search_term_string}\"},\"query-input\":\"required name=search_term_string\"}],\"inLanguage\":\"pl-PL\"},{\"@type\":\"WebPage\",\"@id\":\"http:\/\/nevial.pl\/index.php\/maszyny-linie-produkcyjne\/#webpage\",\"url\":\"http:\/\/nevial.pl\/index.php\/maszyny-linie-produkcyjne\/\",\"name\":\"Maszyny - linie produkcyjne - Nevial\",\"isPartOf\":{\"@id\":\"http:\/\/nevial.pl\/#website\"},\"datePublished\":\"2023-02-26T11:26:56+00:00\",\"dateModified\":\"2023-02-26T14:25:56+00:00\",\"breadcrumb\":{\"@id\":\"http:\/\/nevial.pl\/index.php\/maszyny-linie-produkcyjne\/#breadcrumb\"},\"inLanguage\":\"pl-PL\",\"potentialAction\":[{\"@type\":\"ReadAction\",\"target\":[\"http:\/\/nevial.pl\/index.php\/maszyny-linie-produkcyjne\/\"]}]},{\"@type\":\"BreadcrumbList\",\"@id\":\"http:\/\/nevial.pl\/index.php\/maszyny-linie-produkcyjne\/#breadcrumb\",\"itemListElement\":[{\"@type\":\"ListItem\",\"position\":1,\"name\":\"Home\",\"item\":\"http:\/\/nevial.pl\/\"},{\"@type\":\"ListItem\",\"position\":2,\"name\":\"Maszyny &#8211; linie produkcyjne\"}]}]}<\/script>\n<!-- \/ Yoast SEO plugin. -->","yoast_head_json":{"title":"Maszyny - linie produkcyjne - Nevial","robots":{"index":"noindex","follow":"follow","max-snippet":"max-snippet:-1","max-image-preview":"max-image-preview:large","max-video-preview":"max-video-preview:-1"},"og_locale":"pl_PL","og_type":"article","og_title":"Maszyny - linie produkcyjne - Nevial","og_description":"[vc_row][vc_column width=&#8221;1\/2&#8243; el_class=&#8221;about-slider&#8221;][vc_gallery interval=&#8221;3&#8243; images=&#8221;10832,10833,10837,10838&#8243; img_size=&#8221;1100*600&#8243; el_class=&#8221;about-slider&#8221;][\/vc_column][vc_column width=&#8221;1\/2&#8243; el_class=&#8221;about-content&#8221; css=&#8221;.vc_custom_1566388554468{margin-bottom: 20px !important;}&#8221;][vc_column_text css=&#8221;.vc_custom_1677412753729{margin-top: 10px !important;}&#8221;]Jeste\u015bmy polskim producentem oraz dystrybutorem maszyn oraz pe\u0142nych linii produkcyjnych dla r\u00f3\u017cnych sektor\u00f3w przemys\u0142u. Nasze maszyny budowane s\u0105 w oparciu o najlepsze podzespo\u0142y \u015bwiatowych, renomowanych producent\u00f3w. Zapewniamy pe\u0142ne doradztwo w sprawie doboru maszyn i urz\u0105dze\u0144. Oferujemy wsparcie techniczne przez ca\u0142y okres [&hellip;]","og_url":"http:\/\/nevial.pl\/index.php\/maszyny-linie-produkcyjne\/","og_site_name":"Nevial","article_modified_time":"2023-02-26T14:25:56+00:00","twitter_card":"summary_large_image","twitter_misc":{"Szacowany czas czytania":"2 minuty"},"schema":{"@context":"https:\/\/schema.org","@graph":[{"@type":"WebSite","@id":"http:\/\/nevial.pl\/#website","url":"http:\/\/nevial.pl\/","name":"Nevial","description":"Strona Nevial","potentialAction":[{"@type":"SearchAction","target":{"@type":"EntryPoint","urlTemplate":"http:\/\/nevial.pl\/?s={search_term_string}"},"query-input":"required name=search_term_string"}],"inLanguage":"pl-PL"},{"@type":"WebPage","@id":"http:\/\/nevial.pl\/index.php\/maszyny-linie-produkcyjne\/#webpage","url":"http:\/\/nevial.pl\/index.php\/maszyny-linie-produkcyjne\/","name":"Maszyny - linie produkcyjne - Nevial","isPartOf":{"@id":"http:\/\/nevial.pl\/#website"},"datePublished":"2023-02-26T11:26:56+00:00","dateModified":"2023-02-26T14:25:56+00:00","breadcrumb":{"@id":"http:\/\/nevial.pl\/index.php\/maszyny-linie-produkcyjne\/#breadcrumb"},"inLanguage":"pl-PL","potentialAction":[{"@type":"ReadAction","target":["http:\/\/nevial.pl\/index.php\/maszyny-linie-produkcyjne\/"]}]},{"@type":"BreadcrumbList","@id":"http:\/\/nevial.pl\/index.php\/maszyny-linie-produkcyjne\/#breadcrumb","itemListElement":[{"@type":"ListItem","position":1,"name":"Home","item":"http:\/\/nevial.pl\/"},{"@type":"ListItem","position":2,"name":"Maszyny &#8211; linie produkcyjne"}]}]}},"_links":{"self":[{"href":"http:\/\/nevial.pl\/index.php\/wp-json\/wp\/v2\/pages\/10828","targetHints":{"allow":["GET"]}}],"collection":[{"href":"http:\/\/nevial.pl\/index.php\/wp-json\/wp\/v2\/pages"}],"about":[{"href":"http:\/\/nevial.pl\/index.php\/wp-json\/wp\/v2\/types\/page"}],"author":[{"embeddable":true,"href":"http:\/\/nevial.pl\/index.php\/wp-json\/wp\/v2\/users\/1"}],"replies":[{"embeddable":true,"href":"http:\/\/nevial.pl\/index.php\/wp-json\/wp\/v2\/comments?post=10828"}],"version-history":[{"count":4,"href":"http:\/\/nevial.pl\/index.php\/wp-json\/wp\/v2\/pages\/10828\/revisions"}],"predecessor-version":[{"id":10840,"href":"http:\/\/nevial.pl\/index.php\/wp-json\/wp\/v2\/pages\/10828\/revisions\/10840"}],"wp:attachment":[{"href":"http:\/\/nevial.pl\/index.php\/wp-json\/wp\/v2\/media?parent=10828"}],"curies":[{"name":"wp","href":"https:\/\/api.w.org\/{rel}","templated":true}]}}